{"id":3865,"date":"2019-04-26T09:51:20","date_gmt":"2019-04-26T09:51:20","guid":{"rendered":"https:\/\/cms-properties.com\/?post_type=property&#038;p=3865"},"modified":"2023-02-13T09:27:54","modified_gmt":"2023-02-13T09:27:54","slug":"las-garzas","status":"publish","type":"property","link":"https:\/\/cms-properties.com\/es\/property\/las-garzas\/","title":{"rendered":"Las Garzas"},"content":{"rendered":"<p>Licencia de Alquiler &#8220;VFT\/AL\/03038&#8221;.<\/p>\n<p>Este Apartamento-Atico est\u00e0 en una primera planta, tiene varias terrazas, una desde el Sal\u00f3n, otro es un Solarium y otra sale de uno de los Dormitorios mirando hacia el Parking del complejo. Est\u00e1 a aprox. 150 metros de la Playa. Tiene dos Dormitorios, dos Ba\u00f1os, Cocina, Lavadero, Sal\u00f3n Comedor. El Sal\u00f3n y los dormitorios tienen Aire condicionado. Piscina Comunitaria, Parking,\u00a0 Pista de tenis y Padel. Tiene Bares, Restaurantes, Supermercado a pocos metro ya que es muy centrico. Situado en Calle Porto Alegre en Complejo Las Garzas, cerca del Hotel Protur Roquetas.<\/p>\n<h3><em>\u00a0<\/em><\/h3>\n<div id=\"Garzas-788\" class=\"p_table_1 p_table_1_7 css3_grid_clearfix\"><div class=\"column_1\" style=\"width: 130px;\"><ul><li class=\"css3_grid_row_0 header_row_1 align_center radius5_topleft\"><span class=\"css3_grid_vertical_align_table\"><span class=\"css3_grid_vertical_align\"><h2 class='col1'>Temp. baja<\/h2><\/span><\/span><\/li><li class=\"css3_grid_row_1 header_row_2 radius5_bottomleft align_center\"><span class=\"css3_grid_vertical_align_table\"><span class=\"css3_grid_vertical_align\"><h1 class='col1'><span>415<\/span> \u20ac<\/h1><h3 class='col1'>por semana<\/h3><\/span><\/span><\/li><\/ul><\/div><div class=\"column_2\" style=\"width: 130px;\"><ul><li class=\"css3_grid_row_0 header_row_1 align_center\"><span class=\"css3_grid_vertical_align_table\"><span class=\"css3_grid_vertical_align\"><h2 class='col2'>Temp. media<\/h2><\/span><\/span><\/li><li class=\"css3_grid_row_1 header_row_2 align_center\"><span class=\"css3_grid_vertical_align_table\"><span class=\"css3_grid_vertical_align\"><h1 class='col1'><span>462<\/span> \u20ac<\/h1><h3 class='col1'>por semana<\/h3><\/span><\/span><\/li><\/ul><\/div><div class=\"column_3\" style=\"width: 130px;\"><ul><li class=\"css3_grid_row_0 header_row_1 align_center\"><span class=\"css3_grid_vertical_align_table\"><span class=\"css3_grid_vertical_align\"><h2 class='col1'>Media alta<\/h2><\/span><\/span><\/li><li class=\"css3_grid_row_1 header_row_2 align_center\"><span class=\"css3_grid_vertical_align_table\"><span class=\"css3_grid_vertical_align\"><h1 class='col1'><span>770<\/span> \u20ac<\/h1><h3 class='col1'>por semana<\/h3><\/span><\/span><\/li><\/ul><\/div><div class=\"column_4\" style=\"width: 130px;\"><ul><li class=\"css3_grid_row_0 header_row_1 align_center radius5_topright\"><span class=\"css3_grid_vertical_align_table\"><span class=\"css3_grid_vertical_align\"><h2 class='col1'>Temp. alta<\/h2><\/span><\/span><\/li><li class=\"css3_grid_row_1 header_row_2 align_center\"><span class=\"css3_grid_vertical_align_table\"><span class=\"css3_grid_vertical_align\"><h1 class='col1'><span>790<\/span> \u20ac<\/h1><h3 class='col1'>por semana<\/h3><\/span><\/span><\/li><\/ul><\/div><\/div>\n","protected":false},"excerpt":{"rendered":"<p>Licencia de Alquiler &#8220;VFT\/AL\/03038&#8221;. Este Apartamento-Atico est\u00e0 en una primera planta, tiene varias terrazas, una desde el Sal\u00f3n, otro es un Solarium y otra sale de uno de los Dormitorios mirando hacia el Parking del complejo. Est\u00e1 a aprox. 150 metros de la Playa. Tiene dos Dormitorios, dos Ba\u00f1os, Cocina, Lavadero, Sal\u00f3n Comedor. El Sal\u00f3n [&hellip;]<\/p>\n","protected":false},"author":2,"featured_media":3876,"parent":0,"menu_order":0,"template":"","property_type":[14],"property_status":[148],"property_feature":[152,153],"property_label":[],"property_country":[],"property_state":[102],"property_city":[164],"property_area":[],"property_meta":{"_wpml_word_count":["{\"total\":145,\"to_translate\":{\"en\":145}}"],"_edit_lock":["1741178263:2"],"_edit_last":["2"],"_wpml_media_featured":["1"],"_wpml_media_duplicate":["1"],"_alp_processed":["1676280474"],"_wpml_location_migration_done":["1"],"_thumbnail_id":["3876"],"fave_property_bedrooms":["2"],"fave_property_bathrooms":["2"],"fave_property_map":["1"],"fave_property_location":["36.722821817313,-2.6297235488892,15"],"fave_property_map_street_view":["hide"],"fave_property_address":["Avda Playa Serena, 12"],"fave_property_zip":["04740"],"fave_property_country":["ES"],"fave_featured":["1"],"fave_loggedintoview":["0"],"fave_agent_display_option":["author_info"],"fave_agents":["-1"],"fave_prop_homeslider":["yes"],"fave_multiunit_plans_enable":["disable"],"fave_floor_plans_enable":["disable"],"fave_single_top_area":["global"],"fave_single_content_area":["global"],"fave_additional_features_enable":["disable"],"fave_currency_info":[""],"houzez_geolocation_lat":["36.722821817313"],"houzez_geolocation_long":["-2.6297235488892"],"houzez_manual_expire":["0"],"_houzez_expiration_date_status":["saved"],"houzez_total_property_views":["2799"],"houzez_views_by_date":["a:61:{s:10:\"01-22-2026\";i:2;s:10:\"01-25-2026\";i:1;s:10:\"01-26-2026\";i:1;s:10:\"01-28-2026\";i:1;s:10:\"01-29-2026\";i:3;s:10:\"01-30-2026\";i:5;s:10:\"01-31-2026\";i:1;s:10:\"02-01-2026\";i:2;s:10:\"02-07-2026\";i:2;s:10:\"02-08-2026\";i:2;s:10:\"02-09-2026\";i:3;s:10:\"02-10-2026\";i:2;s:10:\"02-11-2026\";i:6;s:10:\"02-14-2026\";i:1;s:10:\"02-15-2026\";i:2;s:10:\"02-16-2026\";i:2;s:10:\"02-17-2026\";i:1;s:10:\"02-23-2026\";i:2;s:10:\"02-24-2026\";i:3;s:10:\"02-26-2026\";i:4;s:10:\"02-28-2026\";i:2;s:10:\"03-01-2026\";i:2;s:10:\"03-02-2026\";i:1;s:10:\"03-06-2026\";i:1;s:10:\"03-08-2026\";i:2;s:10:\"03-09-2026\";i:2;s:10:\"03-10-2026\";i:1;s:10:\"03-11-2026\";i:1;s:10:\"03-12-2026\";i:1;s:10:\"03-13-2026\";i:1;s:10:\"03-15-2026\";i:1;s:10:\"03-16-2026\";i:1;s:10:\"03-18-2026\";i:2;s:10:\"03-19-2026\";i:5;s:10:\"03-20-2026\";i:2;s:10:\"03-21-2026\";i:1;s:10:\"03-23-2026\";i:1;s:10:\"03-24-2026\";i:3;s:10:\"03-25-2026\";i:1;s:10:\"03-26-2026\";i:1;s:10:\"03-27-2026\";i:3;s:10:\"03-28-2026\";i:1;s:10:\"03-30-2026\";i:1;s:10:\"03-31-2026\";i:1;s:10:\"04-01-2026\";i:1;s:10:\"04-04-2026\";i:4;s:10:\"04-05-2026\";i:5;s:10:\"04-06-2026\";i:1;s:10:\"04-08-2026\";i:1;s:10:\"04-09-2026\";i:2;s:10:\"04-11-2026\";i:5;s:10:\"04-13-2026\";i:3;s:10:\"04-14-2026\";i:2;s:10:\"04-15-2026\";i:5;s:10:\"04-16-2026\";i:2;s:10:\"04-17-2026\";i:2;s:10:\"04-18-2026\";i:3;s:10:\"04-19-2026\";i:5;s:10:\"04-23-2026\";i:3;s:10:\"04-26-2026\";i:2;s:10:\"04-29-2026\";i:2;}"],"houzez_recently_viewed":["2026-04-29 21:13:14"],"_seopress_analysis_data":["a:19:{s:5:\"title\";s:27:\"Las Garzas - CMS-Properties\";s:9:\"meta_desc\";s:324:\"Licencia de Alquiler &quot;VFT\/AL\/03038&quot;. Este Apartamento-Atico est\u00e0 en una primera planta, tiene varias terrazas, una desde el Sal\u00f3n, otro es un Solarium y otra sale de uno de los Dormitorios mirando hacia el Parking del complejo. Est\u00e1 a aprox. 150 metros de la Playa. Tiene dos Dormitorios, dos Ba\u00f1os, Cocina,\u2026\";s:8:\"og_title\";a:2:{s:5:\"count\";i:1;s:6:\"values\";a:1:{i:0;s:10:\"Las Garzas\";}}s:7:\"og_desc\";a:2:{s:5:\"count\";i:1;s:6:\"values\";a:1:{i:0;s:21:\"Licencia de Alquiler \";}}s:6:\"og_img\";a:2:{s:5:\"count\";i:1;s:6:\"values\";a:1:{i:0;s:63:\"https:\/\/cms-properties.com\/wp-content\/uploads\/2019\/04\/788_6.jpg\";}}s:6:\"og_url\";a:3:{s:5:\"count\";i:1;s:6:\"values\";a:1:{i:0;s:50:\"https:\/\/cms-properties.com\/es\/property\/las-garzas\/\";}s:4:\"host\";s:18:\"cms-properties.com\";}s:12:\"og_site_name\";a:2:{s:5:\"count\";i:1;s:6:\"values\";a:1:{i:0;s:14:\"CMS-Properties\";}}s:8:\"tw_title\";a:1:{s:5:\"count\";i:0;}s:7:\"tw_desc\";a:1:{s:5:\"count\";i:0;}s:6:\"tw_img\";a:1:{s:5:\"count\";i:0;}s:9:\"canonical\";s:50:\"https:\/\/cms-properties.com\/es\/property\/las-garzas\/\";s:13:\"all_canonical\";a:1:{i:0;s:50:\"https:\/\/cms-properties.com\/es\/property\/las-garzas\/\";}s:2:\"h1\";a:1:{s:9:\"nomatches\";a:1:{s:5:\"count\";i:6;}}s:3:\"img\";a:1:{s:6:\"images\";a:7:{i:0;s:89:\"https:\/\/cms-properties.com\/wp-content\/plugins\/sitepress-multilingual-cms\/res\/flags\/es.png\";i:1;s:89:\"https:\/\/cms-properties.com\/wp-content\/plugins\/sitepress-multilingual-cms\/res\/flags\/en.png\";i:2;s:89:\"https:\/\/cms-properties.com\/wp-content\/plugins\/sitepress-multilingual-cms\/res\/flags\/es.png\";i:3;s:89:\"https:\/\/cms-properties.com\/wp-content\/plugins\/sitepress-multilingual-cms\/res\/flags\/en.png\";i:4;s:69:\"https:\/\/cms-properties.com\/wp-content\/uploads\/2023\/11\/1-2-592x444.jpg\";i:5;s:69:\"https:\/\/cms-properties.com\/wp-content\/uploads\/2023\/11\/2-1-592x444.jpg\";i:6;s:74:\"https:\/\/cms-properties.com\/wp-content\/uploads\/2023\/11\/P1040712-592x444.jpg\";}}s:11:\"meta_robots\";a:1:{i:0;a:1:{i:0;s:13:\"index, follow\";}}s:14:\"outbound_links\";a:1:{i:21;a:1:{s:155:\"http:\/\/maps.google.com\/?q=Traves\u00eda%20Portoalegre,%20Roquetas%20de%20Mar,%20Playa%20Serena,%20Roquetas%20de%20Mar,%20Almeria,%20Andalusia,%2004740,%20Spain\";s:20:\" Open on Google Maps\";}}s:13:\"words_counter\";i:108;s:20:\"words_counter_unique\";i:83;s:5:\"score\";b:0;}"],"fave_property_map_address":["Traves\u00eda Portoalegre, Roquetas de Mar, Playa Serena, Roquetas de Mar, Almeria, Andalusia, 04740, Spain"],"_seopress_titles_title":[""],"_seopress_titles_desc":[""],"_seopress_robots_canonical":[""],"_seopress_social_fb_title":[""],"_seopress_social_fb_desc":[""],"_seopress_social_fb_img":[""],"_seopress_social_twitter_title":[""],"_seopress_social_twitter_desc":[""],"_seopress_social_twitter_img":[""],"_seopress_redirections_type":["301"],"_seopress_redirections_value":[""],"rs_page_bg_color":[""],"fave_property_agency":["-1"],"_wpml_media_has_media":["1"],"fave_property_images":["3872","3876","3878","3866","3884","6855","6857","6859","6969","6971"],"fave_prop_slider_image":["3876"],"_seopress_analysis_target_kw":[""]},"_links":{"self":[{"href":"https:\/\/cms-properties.com\/es\/wp-json\/wp\/v2\/properties\/3865"}],"collection":[{"href":"https:\/\/cms-properties.com\/es\/wp-json\/wp\/v2\/properties"}],"about":[{"href":"https:\/\/cms-properties.com\/es\/wp-json\/wp\/v2\/types\/property"}],"author":[{"embeddable":true,"href":"https:\/\/cms-properties.com\/es\/wp-json\/wp\/v2\/users\/2"}],"version-history":[{"count":4,"href":"https:\/\/cms-properties.com\/es\/wp-json\/wp\/v2\/properties\/3865\/revisions"}],"predecessor-version":[{"id":6854,"href":"https:\/\/cms-properties.com\/es\/wp-json\/wp\/v2\/properties\/3865\/revisions\/6854"}],"wp:featuredmedia":[{"embeddable":true,"href":"https:\/\/cms-properties.com\/es\/wp-json\/wp\/v2\/media\/3876"}],"wp:attachment":[{"href":"https:\/\/cms-properties.com\/es\/wp-json\/wp\/v2\/media?parent=3865"}],"wp:term":[{"taxonomy":"property_type","embeddable":true,"href":"https:\/\/cms-properties.com\/es\/wp-json\/wp\/v2\/property_type?post=3865"},{"taxonomy":"property_status","embeddable":true,"href":"https:\/\/cms-properties.com\/es\/wp-json\/wp\/v2\/property_status?post=3865"},{"taxonomy":"property_feature","embeddable":true,"href":"https:\/\/cms-properties.com\/es\/wp-json\/wp\/v2\/property_feature?post=3865"},{"taxonomy":"property_label","embeddable":true,"href":"https:\/\/cms-properties.com\/es\/wp-json\/wp\/v2\/property_label?post=3865"},{"taxonomy":"property_country","embeddable":true,"href":"https:\/\/cms-properties.com\/es\/wp-json\/wp\/v2\/property_country?post=3865"},{"taxonomy":"property_state","embeddable":true,"href":"https:\/\/cms-properties.com\/es\/wp-json\/wp\/v2\/property_state?post=3865"},{"taxonomy":"property_city","embeddable":true,"href":"https:\/\/cms-properties.com\/es\/wp-json\/wp\/v2\/property_city?post=3865"},{"taxonomy":"property_area","embeddable":true,"href":"https:\/\/cms-properties.com\/es\/wp-json\/wp\/v2\/property_area?post=3865"}],"curies":[{"name":"wp","href":"https:\/\/api.w.org\/{rel}","templated":true}]}}

<p>Licencia de Alquiler &#8220;VFT/AL/03038&#8221;.</p>
<p>Este Apartamento-Atico està en una primera planta, tiene varias terrazas, una desde el Salón, otro es un Solarium y otra sale de uno de los Dormitorios mirando hacia el Parking del complejo. Está a aprox. 150 metros de la Playa. Tiene dos Dormitorios, dos Baños, Cocina, Lavadero, Salón Comedor. El Salón y los dormitorios tienen Aire condicionado. Piscina Comunitaria, Parking,  Pista de tenis y Padel. Tiene Bares, Restaurantes, Supermercado a pocos metro ya que es muy centrico. Situado en Calle Porto Alegre en Complejo Las Garzas, cerca del Hotel Protur Roquetas.</p>
<h3><em> </em></h3>
<div id="Garzas-788" class="p_table_1 p_table_1_7 css3_grid_clearfix"><div class="column_1" style="width: 130px;"><ul><li class="css3_grid_row_0 header_row_1 align_center radius5_topleft"><span class="css3_grid_vertical_align_table"><span class="css3_grid_vertical_align"><h2 class='col1'>Temp. baja</h2></span></span></li><li class="css3_grid_row_1 header_row_2 radius5_bottomleft align_center"><span class="css3_grid_vertical_align_table"><span class="css3_grid_vertical_align"><h1 class='col1'><span>415</span> €</h1><h3 class='col1'>por semana</h3></span></span></li></ul></div><div class="column_2" style="width: 130px;"><ul><li class="css3_grid_row_0 header_row_1 align_center"><span class="css3_grid_vertical_align_table"><span class="css3_grid_vertical_align"><h2 class='col2'>Temp. media</h2></span></span></li><li class="css3_grid_row_1 header_row_2 align_center"><span class="css3_grid_vertical_align_table"><span class="css3_grid_vertical_align"><h1 class='col1'><span>462</span> €</h1><h3 class='col1'>por semana</h3></span></span></li></ul></div><div class="column_3" style="width: 130px;"><ul><li class="css3_grid_row_0 header_row_1 align_center"><span class="css3_grid_vertical_align_table"><span class="css3_grid_vertical_align"><h2 class='col1'>Media alta</h2></span></span></li><li class="css3_grid_row_1 header_row_2 align_center"><span class="css3_grid_vertical_align_table"><span class="css3_grid_vertical_align"><h1 class='col1'><span>770</span> €</h1><h3 class='col1'>por semana</h3></span></span></li></ul></div><div class="column_4" style="width: 130px;"><ul><li class="css3_grid_row_0 header_row_1 align_center radius5_topright"><span class="css3_grid_vertical_align_table"><span class="css3_grid_vertical_align"><h2 class='col1'>Temp. alta</h2></span></span></li><li class="css3_grid_row_1 header_row_2 align_center"><span class="css3_grid_vertical_align_table"><span class="css3_grid_vertical_align"><h1 class='col1'><span>790</span> €</h1><h3 class='col1'>por semana</h3></span></span></li></ul></div></div>

<p>Licencia de Alquiler &#8220;VFT/AL/03038&#8221;. Este Apartamento-Atico està en una primera planta, tiene varias terrazas, una desde el Salón, otro es un Solarium y otra sale de uno de los Dormitorios mirando hacia el Parking del complejo. Está a aprox. 150 metros de la Playa. Tiene dos Dormitorios, dos Baños, Cocina, Lavadero, Salón Comedor. El Salón [&hellip;]</p>

a:19:{s:5:"title";s:27:"Las Garzas - CMS-Properties";s:9:"meta_desc";s:324:"Licencia de Alquiler &quot;VFT/AL/03038&quot;. Este Apartamento-Atico està en una primera planta, tiene varias terrazas, una desde el Salón, otro es un Solarium y otra sale de uno de los Dormitorios mirando hacia el Parking del complejo. Está a aprox. 150 metros de la Playa. Tiene dos Dormitorios, dos Baños, Cocina,…";s:8:"og_title";a:2:{s:5:"count";i:1;s:6:"values";a:1:{i:0;s:10:"Las Garzas";}}s:7:"og_desc";a:2:{s:5:"count";i:1;s:6:"values";a:1:{i:0;s:21:"Licencia de Alquiler ";}}s:6:"og_img";a:2:{s:5:"count";i:1;s:6:"values";a:1:{i:0;s:63:"https://cms-properties.com/wp-content/uploads/2019/04/788_6.jpg";}}s:6:"og_url";a:3:{s:5:"count";i:1;s:6:"values";a:1:{i:0;s:50:"https://cms-properties.com/es/property/las-garzas/";}s:4:"host";s:18:"cms-properties.com";}s:12:"og_site_name";a:2:{s:5:"count";i:1;s:6:"values";a:1:{i:0;s:14:"CMS-Properties";}}s:8:"tw_title";a:1:{s:5:"count";i:0;}s:7:"tw_desc";a:1:{s:5:"count";i:0;}s:6:"tw_img";a:1:{s:5:"count";i:0;}s:9:"canonical";s:50:"https://cms-properties.com/es/property/las-garzas/";s:13:"all_canonical";a:1:{i:0;s:50:"https://cms-properties.com/es/property/las-garzas/";}s:2:"h1";a:1:{s:9:"nomatches";a:1:{s:5:"count";i:6;}}s:3:"img";a:1:{s:6:"images";a:7:{i:0;s:89:"https://cms-properties.com/wp-content/plugins/sitepress-multilingual-cms/res/flags/es.png";i:1;s:89:"https://cms-properties.com/wp-content/plugins/sitepress-multilingual-cms/res/flags/en.png";i:2;s:89:"https://cms-properties.com/wp-content/plugins/sitepress-multilingual-cms/res/flags/es.png";i:3;s:89:"https://cms-properties.com/wp-content/plugins/sitepress-multilingual-cms/res/flags/en.png";i:4;s:69:"https://cms-properties.com/wp-content/uploads/2023/11/1-2-592x444.jpg";i:5;s:69:"https://cms-properties.com/wp-content/uploads/2023/11/2-1-592x444.jpg";i:6;s:74:"https://cms-properties.com/wp-content/uploads/2023/11/P1040712-592x444.jpg";}}s:11:"meta_robots";a:1:{i:0;a:1:{i:0;s:13:"index, follow";}}s:14:"outbound_links";a:1:{i:21;a:1:{s:155:"http://maps.google.com/?q=Travesía%20Portoalegre,%20Roquetas%20de%20Mar,%20Playa%20Serena,%20Roquetas%20de%20Mar,%20Almeria,%20Andalusia,%2004740,%20Spain";s:20:" Open on Google Maps";}}s:13:"words_counter";i:108;s:20:"words_counter_unique";i:83;s:5:"score";b:0;}

Travesía Portoalegre, Roquetas de Mar, Playa Serena, Roquetas de Mar, Almeria, Andalusia, 04740, Spain
