{"id":3915,"date":"2019-04-26T11:08:41","date_gmt":"2019-04-26T11:08:41","guid":{"rendered":"https:\/\/cms-properties.com\/?post_type=property&#038;p=3915"},"modified":"2026-03-13T10:27:39","modified_gmt":"2026-03-13T10:27:39","slug":"villa-romana-1238","status":"publish","type":"property","link":"https:\/\/cms-properties.com\/es\/property\/villa-romana-1238\/","title":{"rendered":"Villa Romana 1238"},"content":{"rendered":"<p>(Alquileres desde octubre hasta mayo por meses. Desde junio hasta septiembre por semanas)<\/p>\n<p>Este es un atico en uno de los mejores complejos de Roquetas de mar. Es nuevo y se encuentra en una tercera planta con vistas al mar y al paraje natural de Punta Entinas.<\/p>\n<p>Alojamiento<br \/>\nTiene dos dormitorios, un ba\u00f1o, cocina americana, salon comedor y dos terrazas.<br \/>\nSof\u00e0 cama en el salon.<\/p>\n<p>Facilidades<br \/>\nPiscina.<br \/>\nJardines.<br \/>\nPista de Tenis.<br \/>\nPistas de Padel.<br \/>\nParking subterraneo<\/p>\n<p>Puntos de interes<br \/>\nA 100 metros de la Playa<br \/>\nA 800 metros del centro que son 10 minutos andando por el paseo maritimo.<\/p>\n","protected":false},"excerpt":{"rendered":"<p>(Alquileres desde octubre hasta mayo por meses. Desde junio hasta septiembre por semanas) Este es un atico en uno de los mejores complejos de Roquetas de mar. Es nuevo y se encuentra en una tercera planta con vistas al mar y al paraje natural de Punta Entinas. Alojamiento Tiene dos dormitorios, un ba\u00f1o, cocina americana, [&hellip;]<\/p>\n","protected":false},"author":2,"featured_media":3934,"parent":0,"menu_order":0,"template":"","property_type":[14],"property_status":[148],"property_feature":[151,153],"property_label":[],"property_country":[],"property_state":[102],"property_city":[164],"property_area":[],"property_meta":{"_wpml_word_count":["{\"total\":150,\"to_translate\":{\"en\":150}}"],"_edit_lock":["1773397673:2"],"_edit_last":["2"],"_wpml_media_featured":["1"],"_wpml_media_duplicate":["1"],"_alp_processed":["1773397659"],"_wpml_location_migration_done":["1"],"_thumbnail_id":["3934"],"fave_property_price":["400"],"fave_property_bedrooms":["2"],"fave_property_bathrooms":["2"],"fave_property_map":["0"],"fave_property_location":["36.7220589,-2.6328453,15"],"fave_property_map_street_view":["hide"],"fave_property_address":["Avenida Ciudad de Cadiz, 51"],"fave_property_zip":["04740"],"fave_property_country":["ES"],"fave_featured":["0"],"fave_loggedintoview":["0"],"fave_agent_display_option":["author_info"],"fave_agents":["3477"],"fave_prop_homeslider":["no"],"fave_multiunit_plans_enable":["disable"],"fave_floor_plans_enable":["disable"],"fave_single_top_area":["global"],"fave_single_content_area":["global"],"fave_additional_features_enable":["disable"],"fave_currency_info":[""],"houzez_geolocation_lat":["36.7220589"],"houzez_geolocation_long":["-2.6328453"],"houzez_manual_expire":["0"],"_houzez_expiration_date_status":["saved"],"houzez_total_property_views":["2001"],"houzez_views_by_date":["a:61:{s:10:\"12-31-2025\";i:1;s:10:\"01-03-2026\";i:2;s:10:\"01-06-2026\";i:2;s:10:\"01-09-2026\";i:1;s:10:\"01-11-2026\";i:2;s:10:\"01-12-2026\";i:1;s:10:\"01-14-2026\";i:1;s:10:\"01-17-2026\";i:1;s:10:\"01-20-2026\";i:2;s:10:\"01-21-2026\";i:2;s:10:\"01-22-2026\";i:2;s:10:\"01-24-2026\";i:1;s:10:\"01-27-2026\";i:3;s:10:\"01-29-2026\";i:2;s:10:\"02-02-2026\";i:2;s:10:\"02-03-2026\";i:1;s:10:\"02-04-2026\";i:1;s:10:\"02-07-2026\";i:2;s:10:\"02-08-2026\";i:2;s:10:\"02-09-2026\";i:1;s:10:\"02-11-2026\";i:2;s:10:\"02-13-2026\";i:1;s:10:\"02-14-2026\";i:3;s:10:\"02-15-2026\";i:1;s:10:\"02-17-2026\";i:1;s:10:\"02-18-2026\";i:1;s:10:\"02-24-2026\";i:1;s:10:\"02-25-2026\";i:2;s:10:\"02-26-2026\";i:1;s:10:\"02-28-2026\";i:5;s:10:\"03-02-2026\";i:1;s:10:\"03-04-2026\";i:1;s:10:\"03-05-2026\";i:2;s:10:\"03-09-2026\";i:1;s:10:\"03-11-2026\";i:2;s:10:\"03-12-2026\";i:1;s:10:\"03-13-2026\";i:7;s:10:\"03-14-2026\";i:1;s:10:\"03-15-2026\";i:1;s:10:\"03-16-2026\";i:2;s:10:\"03-17-2026\";i:1;s:10:\"03-19-2026\";i:5;s:10:\"03-20-2026\";i:2;s:10:\"03-24-2026\";i:1;s:10:\"03-25-2026\";i:2;s:10:\"03-26-2026\";i:1;s:10:\"03-28-2026\";i:2;s:10:\"03-31-2026\";i:1;s:10:\"04-01-2026\";i:2;s:10:\"04-02-2026\";i:1;s:10:\"04-03-2026\";i:1;s:10:\"04-06-2026\";i:1;s:10:\"04-09-2026\";i:1;s:10:\"04-12-2026\";i:1;s:10:\"04-13-2026\";i:1;s:10:\"04-15-2026\";i:2;s:10:\"04-17-2026\";i:1;s:10:\"04-21-2026\";i:12;s:10:\"04-23-2026\";i:1;s:10:\"04-27-2026\";i:1;s:10:\"04-29-2026\";i:3;}"],"houzez_recently_viewed":["2026-04-29 22:28:50"],"_seopress_analysis_data":["a:18:{s:5:\"title\";s:34:\"Villa Romana 1238 - CMS-Properties\";s:9:\"meta_desc\";s:285:\"(Alquileres desde octubre hasta mayo por meses. Desde junio hasta septiembre por semanas) Este es un atico en uno de los mejores complejos de Roquetas de mar. Es nuevo y se encuentra en una tercera planta con vistas al mar y al paraje natural de Punta Entinas. Alojamiento Tiene dos\u2026\";s:8:\"og_title\";a:2:{s:5:\"count\";i:1;s:6:\"values\";a:1:{i:0;s:17:\"Villa Romana 1238\";}}s:7:\"og_desc\";a:2:{s:5:\"count\";i:1;s:6:\"values\";a:1:{i:0;s:158:\"(Alquileres desde octubre hasta mayo por meses. Desde junio hasta septiembre por semanas)  Este es un atico en uno de los mejores complejos de Roquetas de mar\";}}s:6:\"og_img\";a:2:{s:5:\"count\";i:1;s:6:\"values\";a:1:{i:0;s:74:\"https:\/\/cms-properties.com\/wp-content\/uploads\/2019\/04\/P1030018-446x281.jpg\";}}s:6:\"og_url\";a:3:{s:5:\"count\";i:1;s:6:\"values\";a:1:{i:0;s:57:\"https:\/\/cms-properties.com\/es\/property\/villa-romana-1238\/\";}s:4:\"host\";s:18:\"cms-properties.com\";}s:12:\"og_site_name\";a:2:{s:5:\"count\";i:1;s:6:\"values\";a:1:{i:0;s:14:\"CMS-Properties\";}}s:8:\"tw_title\";a:1:{s:5:\"count\";i:0;}s:7:\"tw_desc\";a:1:{s:5:\"count\";i:0;}s:6:\"tw_img\";a:1:{s:5:\"count\";i:0;}s:9:\"canonical\";s:57:\"https:\/\/cms-properties.com\/es\/property\/villa-romana-1238\/\";s:13:\"all_canonical\";a:1:{i:0;s:57:\"https:\/\/cms-properties.com\/es\/property\/villa-romana-1238\/\";}s:2:\"h1\";a:1:{s:9:\"nomatches\";a:1:{s:5:\"count\";i:2;}}s:3:\"img\";a:1:{s:6:\"images\";a:7:{i:0;s:89:\"https:\/\/cms-properties.com\/wp-content\/plugins\/sitepress-multilingual-cms\/res\/flags\/es.png\";i:1;s:89:\"https:\/\/cms-properties.com\/wp-content\/plugins\/sitepress-multilingual-cms\/res\/flags\/en.png\";i:2;s:89:\"https:\/\/cms-properties.com\/wp-content\/plugins\/sitepress-multilingual-cms\/res\/flags\/es.png\";i:3;s:89:\"https:\/\/cms-properties.com\/wp-content\/plugins\/sitepress-multilingual-cms\/res\/flags\/en.png\";i:4;s:69:\"https:\/\/cms-properties.com\/wp-content\/uploads\/2023\/11\/1-2-592x444.jpg\";i:5;s:74:\"https:\/\/cms-properties.com\/wp-content\/uploads\/2023\/11\/P1040712-592x444.jpg\";i:6;s:106:\"https:\/\/cms-properties.com\/wp-content\/uploads\/2023\/10\/L_2d9831b363f643acbec0943846ab1f8c_iList-592x444.jpg\";}}s:11:\"meta_robots\";a:1:{i:0;a:1:{i:0;s:13:\"index, follow\";}}s:14:\"outbound_links\";a:1:{i:19;a:1:{s:175:\"http:\/\/maps.google.com\/?q=Avenida%20de%20la%20Ciudad%20de%20C\u00e1diz,%20Roquetas%20de%20Mar,%20Playa%20Serena,%20Roquetas%20de%20Mar,%20Almeria,%20Andaluc\u00eda,%2004740,%20Espa\u00f1a\";s:20:\" Open on Google Maps\";}}s:13:\"words_counter\";i:96;s:20:\"words_counter_unique\";i:74;}"],"fave_property_map_address":["Avenida de la Ciudad de C\u00e1diz, Roquetas de Mar, Playa Serena, Roquetas de Mar, Almeria, Andaluc\u00eda, 04740, Espa\u00f1a"],"_seopress_titles_title":[""],"_seopress_titles_desc":[""],"_seopress_robots_canonical":[""],"_seopress_social_fb_title":[""],"_seopress_social_fb_desc":[""],"_seopress_social_fb_img":[""],"_seopress_social_twitter_title":[""],"_seopress_social_twitter_desc":[""],"_seopress_social_twitter_img":[""],"_seopress_redirections_type":["301"],"_seopress_redirections_value":[""],"rs_page_bg_color":[""],"fave_property_images":["3916","3918","3920","3922","3924","3926","3928","3930","3932","3934"],"fave_property_agency":["-1"],"_wpml_media_has_media":["1"],"_seopress_analysis_target_kw":[""]},"_links":{"self":[{"href":"https:\/\/cms-properties.com\/es\/wp-json\/wp\/v2\/properties\/3915"}],"collection":[{"href":"https:\/\/cms-properties.com\/es\/wp-json\/wp\/v2\/properties"}],"about":[{"href":"https:\/\/cms-properties.com\/es\/wp-json\/wp\/v2\/types\/property"}],"author":[{"embeddable":true,"href":"https:\/\/cms-properties.com\/es\/wp-json\/wp\/v2\/users\/2"}],"version-history":[{"count":2,"href":"https:\/\/cms-properties.com\/es\/wp-json\/wp\/v2\/properties\/3915\/revisions"}],"predecessor-version":[{"id":7618,"href":"https:\/\/cms-properties.com\/es\/wp-json\/wp\/v2\/properties\/3915\/revisions\/7618"}],"wp:featuredmedia":[{"embeddable":true,"href":"https:\/\/cms-properties.com\/es\/wp-json\/wp\/v2\/media\/3934"}],"wp:attachment":[{"href":"https:\/\/cms-properties.com\/es\/wp-json\/wp\/v2\/media?parent=3915"}],"wp:term":[{"taxonomy":"property_type","embeddable":true,"href":"https:\/\/cms-properties.com\/es\/wp-json\/wp\/v2\/property_type?post=3915"},{"taxonomy":"property_status","embeddable":true,"href":"https:\/\/cms-properties.com\/es\/wp-json\/wp\/v2\/property_status?post=3915"},{"taxonomy":"property_feature","embeddable":true,"href":"https:\/\/cms-properties.com\/es\/wp-json\/wp\/v2\/property_feature?post=3915"},{"taxonomy":"property_label","embeddable":true,"href":"https:\/\/cms-properties.com\/es\/wp-json\/wp\/v2\/property_label?post=3915"},{"taxonomy":"property_country","embeddable":true,"href":"https:\/\/cms-properties.com\/es\/wp-json\/wp\/v2\/property_country?post=3915"},{"taxonomy":"property_state","embeddable":true,"href":"https:\/\/cms-properties.com\/es\/wp-json\/wp\/v2\/property_state?post=3915"},{"taxonomy":"property_city","embeddable":true,"href":"https:\/\/cms-properties.com\/es\/wp-json\/wp\/v2\/property_city?post=3915"},{"taxonomy":"property_area","embeddable":true,"href":"https:\/\/cms-properties.com\/es\/wp-json\/wp\/v2\/property_area?post=3915"}],"curies":[{"name":"wp","href":"https:\/\/api.w.org\/{rel}","templated":true}]}}

<p>(Alquileres desde octubre hasta mayo por meses. Desde junio hasta septiembre por semanas)</p>
<p>Este es un atico en uno de los mejores complejos de Roquetas de mar. Es nuevo y se encuentra en una tercera planta con vistas al mar y al paraje natural de Punta Entinas.</p>
<p>Alojamiento<br />
Tiene dos dormitorios, un baño, cocina americana, salon comedor y dos terrazas.<br />
Sofà cama en el salon.</p>
<p>Facilidades<br />
Piscina.<br />
Jardines.<br />
Pista de Tenis.<br />
Pistas de Padel.<br />
Parking subterraneo</p>
<p>Puntos de interes<br />
A 100 metros de la Playa<br />
A 800 metros del centro que son 10 minutos andando por el paseo maritimo.</p>

<p>(Alquileres desde octubre hasta mayo por meses. Desde junio hasta septiembre por semanas) Este es un atico en uno de los mejores complejos de Roquetas de mar. Es nuevo y se encuentra en una tercera planta con vistas al mar y al paraje natural de Punta Entinas. Alojamiento Tiene dos dormitorios, un baño, cocina americana, [&hellip;]</p>

a:18:{s:5:"title";s:34:"Villa Romana 1238 - CMS-Properties";s:9:"meta_desc";s:285:"(Alquileres desde octubre hasta mayo por meses. Desde junio hasta septiembre por semanas) Este es un atico en uno de los mejores complejos de Roquetas de mar. Es nuevo y se encuentra en una tercera planta con vistas al mar y al paraje natural de Punta Entinas. Alojamiento Tiene dos…";s:8:"og_title";a:2:{s:5:"count";i:1;s:6:"values";a:1:{i:0;s:17:"Villa Romana 1238";}}s:7:"og_desc";a:2:{s:5:"count";i:1;s:6:"values";a:1:{i:0;s:158:"(Alquileres desde octubre hasta mayo por meses. Desde junio hasta septiembre por semanas)  Este es un atico en uno de los mejores complejos de Roquetas de mar";}}s:6:"og_img";a:2:{s:5:"count";i:1;s:6:"values";a:1:{i:0;s:74:"https://cms-properties.com/wp-content/uploads/2019/04/P1030018-446x281.jpg";}}s:6:"og_url";a:3:{s:5:"count";i:1;s:6:"values";a:1:{i:0;s:57:"https://cms-properties.com/es/property/villa-romana-1238/";}s:4:"host";s:18:"cms-properties.com";}s:12:"og_site_name";a:2:{s:5:"count";i:1;s:6:"values";a:1:{i:0;s:14:"CMS-Properties";}}s:8:"tw_title";a:1:{s:5:"count";i:0;}s:7:"tw_desc";a:1:{s:5:"count";i:0;}s:6:"tw_img";a:1:{s:5:"count";i:0;}s:9:"canonical";s:57:"https://cms-properties.com/es/property/villa-romana-1238/";s:13:"all_canonical";a:1:{i:0;s:57:"https://cms-properties.com/es/property/villa-romana-1238/";}s:2:"h1";a:1:{s:9:"nomatches";a:1:{s:5:"count";i:2;}}s:3:"img";a:1:{s:6:"images";a:7:{i:0;s:89:"https://cms-properties.com/wp-content/plugins/sitepress-multilingual-cms/res/flags/es.png";i:1;s:89:"https://cms-properties.com/wp-content/plugins/sitepress-multilingual-cms/res/flags/en.png";i:2;s:89:"https://cms-properties.com/wp-content/plugins/sitepress-multilingual-cms/res/flags/es.png";i:3;s:89:"https://cms-properties.com/wp-content/plugins/sitepress-multilingual-cms/res/flags/en.png";i:4;s:69:"https://cms-properties.com/wp-content/uploads/2023/11/1-2-592x444.jpg";i:5;s:74:"https://cms-properties.com/wp-content/uploads/2023/11/P1040712-592x444.jpg";i:6;s:106:"https://cms-properties.com/wp-content/uploads/2023/10/L_2d9831b363f643acbec0943846ab1f8c_iList-592x444.jpg";}}s:11:"meta_robots";a:1:{i:0;a:1:{i:0;s:13:"index, follow";}}s:14:"outbound_links";a:1:{i:19;a:1:{s:175:"http://maps.google.com/?q=Avenida%20de%20la%20Ciudad%20de%20Cádiz,%20Roquetas%20de%20Mar,%20Playa%20Serena,%20Roquetas%20de%20Mar,%20Almeria,%20Andalucía,%2004740,%20España";s:20:" Open on Google Maps";}}s:13:"words_counter";i:96;s:20:"words_counter_unique";i:74;}

Avenida de la Ciudad de Cádiz, Roquetas de Mar, Playa Serena, Roquetas de Mar, Almeria, Andalucía, 04740, España
